{"id":5808,"date":"2021-05-16T23:26:25","date_gmt":"2021-05-16T21:26:25","guid":{"rendered":"https:\/\/port-vauban.bhbcommunication.mc\/wp-content\/uploads\/2021\/05\/Abri-de-lolivette1-c-RCgion-Provence-Alpes-Cite-dAzur-Inventaire-gCnCral.jpg"},"modified":"2021-05-16T23:26:25","modified_gmt":"2021-05-16T21:26:25","slug":"abri-de-lolivette1-c-rcgion-provence-alpes-cite-dazur-inventaire-gcncral-2","status":"inherit","type":"attachment","link":"https:\/\/leportvauban.com\/en\/abri-de-lolivette1-c-rcgion-provence-alpes-cite-dazur-inventaire-gcncral-2\/","title":{"rendered":"Abri de l&#8217;olivette1 (c) R\u00c7gion Provence-Alpes-C\u00ecte d&#8217;Azur &#8211; Inventaire g\u00c7n\u00c7ral"},"author":4,"comment_status":"closed","ping_status":"closed","template":"","meta":[],"acf":[],"aioseo_notices":[],"description":{"rendered":"<p class=\"attachment\"><a href='https:\/\/leportvauban.com\/wp-content\/uploads\/2021\/05\/Abri-de-lolivette1-c-RCgion-Provence-Alpes-Cite-dAzur-Inventaire-gCnCral.jpg'><img loading=\"lazy\" decoding=\"async\" width=\"295\" height=\"300\" src=\"https:\/\/leportvauban.com\/wp-content\/uploads\/2021\/05\/Abri-de-lolivette1-c-RCgion-Provence-Alpes-Cite-dAzur-Inventaire-gCnCral-295x300.jpg\" class=\"attachment-medium size-medium\" alt=\"\" srcset=\"https:\/\/leportvauban.com\/wp-content\/uploads\/2021\/05\/Abri-de-lolivette1-c-RCgion-Provence-Alpes-Cite-dAzur-Inventaire-gCnCral-295x300.jpg 295w, https:\/\/leportvauban.com\/wp-content\/uploads\/2021\/05\/Abri-de-lolivette1-c-RCgion-Provence-Alpes-Cite-dAzur-Inventaire-gCnCral-197x200.jpg 197w, https:\/\/leportvauban.com\/wp-content\/uploads\/2021\/05\/Abri-de-lolivette1-c-RCgion-Provence-Alpes-Cite-dAzur-Inventaire-gCnCral-394x400.jpg 394w, https:\/\/leportvauban.com\/wp-content\/uploads\/2021\/05\/Abri-de-lolivette1-c-RCgion-Provence-Alpes-Cite-dAzur-Inventaire-gCnCral.jpg 504w\" sizes=\"(max-width: 295px) 100vw, 295px\" \/><\/a><\/p>\n"},"caption":{"rendered":""},"alt_text":"","media_type":"image","mime_type":"image\/jpeg","media_details":{"width":504,"height":512,"file":"2021\/05\/Abri-de-lolivette1-c-RCgion-Provence-Alpes-Cite-dAzur-Inventaire-gCnCral.jpg","sizes":{"medium":{"file":"Abri-de-lolivette1-c-RCgion-Provence-Alpes-Cite-dAzur-Inventaire-gCnCral-295x300.jpg","width":295,"height":300,"mime_type":"image\/jpeg","source_url":"https:\/\/leportvauban.com\/wp-content\/uploads\/2021\/05\/Abri-de-lolivette1-c-RCgion-Provence-Alpes-Cite-dAzur-Inventaire-gCnCral-295x300.jpg"},"thumbnail":{"file":"Abri-de-lolivette1-c-RCgion-Provence-Alpes-Cite-dAzur-Inventaire-gCnCral-150x150.jpg","width":150,"height":150,"mime_type":"image\/jpeg","source_url":"https:\/\/leportvauban.com\/wp-content\/uploads\/2021\/05\/Abri-de-lolivette1-c-RCgion-Provence-Alpes-Cite-dAzur-Inventaire-gCnCral-150x150.jpg"},"port-thumb":{"file":"Abri-de-lolivette1-c-RCgion-Provence-Alpes-Cite-dAzur-Inventaire-gCnCral-197x200.jpg","width":197,"height":200,"mime_type":"image\/jpeg","source_url":"https:\/\/leportvauban.com\/wp-content\/uploads\/2021\/05\/Abri-de-lolivette1-c-RCgion-Provence-Alpes-Cite-dAzur-Inventaire-gCnCral-197x200.jpg"},"port-full":{"file":"Abri-de-lolivette1-c-RCgion-Provence-Alpes-Cite-dAzur-Inventaire-gCnCral-394x400.jpg","width":394,"height":400,"mime_type":"image\/jpeg","source_url":"https:\/\/leportvauban.com\/wp-content\/uploads\/2021\/05\/Abri-de-lolivette1-c-RCgion-Provence-Alpes-Cite-dAzur-Inventaire-gCnCral-394x400.jpg"},"full":{"file":"Abri-de-lolivette1-c-RCgion-Provence-Alpes-Cite-dAzur-Inventaire-gCnCral.jpg","width":504,"height":512,"mime_type":"image\/jpeg","source_url":"https:\/\/leportvauban.com\/wp-content\/uploads\/2021\/05\/Abri-de-lolivette1-c-RCgion-Provence-Alpes-Cite-dAzur-Inventaire-gCnCral.jpg"}},"image_meta":{"aperture":"0","credit":"","camera":"","caption":"","created_timestamp":"0","copyright":"","focal_length":"0","iso":"0","shutter_speed":"0","title":"","orientation":"1","keywords":[]}},"post":null,"source_url":"https:\/\/leportvauban.com\/wp-content\/uploads\/2021\/05\/Abri-de-lolivette1-c-RCgion-Provence-Alpes-Cite-dAzur-Inventaire-gCnCral.jpg","_links":{"self":[{"href":"https:\/\/leportvauban.com\/en\/wp-json\/wp\/v2\/media\/5808"}],"collection":[{"href":"https:\/\/leportvauban.com\/en\/wp-json\/wp\/v2\/media"}],"about":[{"href":"https:\/\/leportvauban.com\/en\/wp-json\/wp\/v2\/types\/attachment"}],"author":[{"embeddable":true,"href":"https:\/\/leportvauban.com\/en\/wp-json\/wp\/v2\/users\/4"}]}}

Abri de l&#8217;olivette1 (c) RÇgion Provence-Alpes-Cìte d&#8217;Azur &#8211; Inventaire gÇnÇral
