{"id":5874,"date":"2021-05-16T23:30:02","date_gmt":"2021-05-16T21:30:02","guid":{"rendered":"https:\/\/port-vauban.bhbcommunication.mc\/wp-content\/uploads\/2021\/05\/Port-Salis-1969-c-RCgion-Provence-Alpes-Cite-dAzur-Inventaire-gCnCral.jpg"},"modified":"2021-05-16T23:30:02","modified_gmt":"2021-05-16T21:30:02","slug":"port-salis-1969-c-rcgion-provence-alpes-cite-dazur-inventaire-gcncral-2","status":"inherit","type":"attachment","link":"https:\/\/leportvauban.com\/en\/port-salis-1969-c-rcgion-provence-alpes-cite-dazur-inventaire-gcncral-2\/","title":{"rendered":"Port Salis 1969 (c) R\u00c7gion Provence-Alpes-C\u00ecte d&#8217;Azur &#8211; Inventaire g\u00c7n\u00c7ral"},"author":4,"comment_status":"closed","ping_status":"closed","template":"","meta":[],"acf":[],"aioseo_notices":[],"description":{"rendered":"<p class=\"attachment\"><a href='https:\/\/leportvauban.com\/wp-content\/uploads\/2021\/05\/Port-Salis-1969-c-RCgion-Provence-Alpes-Cite-dAzur-Inventaire-gCnCral.jpg'><img loading=\"lazy\" decoding=\"async\" width=\"298\" height=\"300\" src=\"https:\/\/leportvauban.com\/wp-content\/uploads\/2021\/05\/Port-Salis-1969-c-RCgion-Provence-Alpes-Cite-dAzur-Inventaire-gCnCral-298x300.jpg\" class=\"attachment-medium size-medium\" alt=\"\" srcset=\"https:\/\/leportvauban.com\/wp-content\/uploads\/2021\/05\/Port-Salis-1969-c-RCgion-Provence-Alpes-Cite-dAzur-Inventaire-gCnCral-298x300.jpg 298w, https:\/\/leportvauban.com\/wp-content\/uploads\/2021\/05\/Port-Salis-1969-c-RCgion-Provence-Alpes-Cite-dAzur-Inventaire-gCnCral-150x150.jpg 150w, https:\/\/leportvauban.com\/wp-content\/uploads\/2021\/05\/Port-Salis-1969-c-RCgion-Provence-Alpes-Cite-dAzur-Inventaire-gCnCral-199x200.jpg 199w, https:\/\/leportvauban.com\/wp-content\/uploads\/2021\/05\/Port-Salis-1969-c-RCgion-Provence-Alpes-Cite-dAzur-Inventaire-gCnCral-398x400.jpg 398w, https:\/\/leportvauban.com\/wp-content\/uploads\/2021\/05\/Port-Salis-1969-c-RCgion-Provence-Alpes-Cite-dAzur-Inventaire-gCnCral.jpg 509w\" sizes=\"(max-width: 298px) 100vw, 298px\" \/><\/a><\/p>\n"},"caption":{"rendered":""},"alt_text":"","media_type":"image","mime_type":"image\/jpeg","media_details":{"width":509,"height":512,"file":"2021\/05\/Port-Salis-1969-c-RCgion-Provence-Alpes-Cite-dAzur-Inventaire-gCnCral.jpg","sizes":{"medium":{"file":"Port-Salis-1969-c-RCgion-Provence-Alpes-Cite-dAzur-Inventaire-gCnCral-298x300.jpg","width":298,"height":300,"mime_type":"image\/jpeg","source_url":"https:\/\/leportvauban.com\/wp-content\/uploads\/2021\/05\/Port-Salis-1969-c-RCgion-Provence-Alpes-Cite-dAzur-Inventaire-gCnCral-298x300.jpg"},"thumbnail":{"file":"Port-Salis-1969-c-RCgion-Provence-Alpes-Cite-dAzur-Inventaire-gCnCral-150x150.jpg","width":150,"height":150,"mime_type":"image\/jpeg","source_url":"https:\/\/leportvauban.com\/wp-content\/uploads\/2021\/05\/Port-Salis-1969-c-RCgion-Provence-Alpes-Cite-dAzur-Inventaire-gCnCral-150x150.jpg"},"port-thumb":{"file":"Port-Salis-1969-c-RCgion-Provence-Alpes-Cite-dAzur-Inventaire-gCnCral-199x200.jpg","width":199,"height":200,"mime_type":"image\/jpeg","source_url":"https:\/\/leportvauban.com\/wp-content\/uploads\/2021\/05\/Port-Salis-1969-c-RCgion-Provence-Alpes-Cite-dAzur-Inventaire-gCnCral-199x200.jpg"},"port-full":{"file":"Port-Salis-1969-c-RCgion-Provence-Alpes-Cite-dAzur-Inventaire-gCnCral-398x400.jpg","width":398,"height":400,"mime_type":"image\/jpeg","source_url":"https:\/\/leportvauban.com\/wp-content\/uploads\/2021\/05\/Port-Salis-1969-c-RCgion-Provence-Alpes-Cite-dAzur-Inventaire-gCnCral-398x400.jpg"},"full":{"file":"Port-Salis-1969-c-RCgion-Provence-Alpes-Cite-dAzur-Inventaire-gCnCral.jpg","width":509,"height":512,"mime_type":"image\/jpeg","source_url":"https:\/\/leportvauban.com\/wp-content\/uploads\/2021\/05\/Port-Salis-1969-c-RCgion-Provence-Alpes-Cite-dAzur-Inventaire-gCnCral.jpg"}},"image_meta":{"aperture":"0","credit":"","camera":"","caption":"","created_timestamp":"0","copyright":"","focal_length":"0","iso":"0","shutter_speed":"0","title":"","orientation":"1","keywords":[]}},"post":null,"source_url":"https:\/\/leportvauban.com\/wp-content\/uploads\/2021\/05\/Port-Salis-1969-c-RCgion-Provence-Alpes-Cite-dAzur-Inventaire-gCnCral.jpg","_links":{"self":[{"href":"https:\/\/leportvauban.com\/en\/wp-json\/wp\/v2\/media\/5874"}],"collection":[{"href":"https:\/\/leportvauban.com\/en\/wp-json\/wp\/v2\/media"}],"about":[{"href":"https:\/\/leportvauban.com\/en\/wp-json\/wp\/v2\/types\/attachment"}],"author":[{"embeddable":true,"href":"https:\/\/leportvauban.com\/en\/wp-json\/wp\/v2\/users\/4"}]}}

Port Salis 1969 (c) RÇgion Provence-Alpes-Cìte d&#8217;Azur &#8211; Inventaire gÇnÇral
